0
Convert -1 (base 8) to base 7.
-1
What is 1 (base 15) in base 2?
1
55 (base 12) to base 2
1000001
5 (base 15) to base 16
5
What is 4 (base 13) in base 15?
4
-b0 (base 12) to base 4
-2010
Convert 16 (base 15) to base 4.
111
Convert 16 (base 13) to base 9.
21
What is 3 (base 8) in base 3?
10
Convert 0 (base 12) to base 11.
0
What is 101 (base 9) in base 7?
145
Convert -50 (base 7) to base 4.
-203
What is 6 (base 12) in base 8?
6
-211 (base 4) to base 13
-2b
What is 4 (base 12) in base 3?
11
-23 (base 6) to base 15
-10
Convert 2 (base 16) to base 14.
2
Convert 0 (base 15) to base 4.
0
Convert -4 (base 11) to base 15.
-4
Convert -101 (base 3) to base 6.
-14
-1 (base 16) to base 4
-1
What is 7 (base 11) in base 7?
10
317 (base 9) to base 5
2014
77 (base 8) to base 3
2100
-1103 (base 4) to base 7
-146
-2 (base 9) to base 5
-2
What is 0 (base 10) in base 11?
0
What is 8 (base 15) in base 11?
8
What is -9 (base 11) in base 9?
-10
Convert -256 (base 9) to base 16.
-d5
What is 14 (base 12) in base 7?
22
-1d (base 14) to base 11
-25
Convert -1 (base 3) to base 7.
-1
-421 (base 8) to base 15
-133
What is 377 (base 8) in base 7?
513
What is 4 (base 10) in base 13?
4
What is 14 (base 5) in base 6?
13
What is 1 (base 14) in base 16?
1
What is 13 (base 4) in base 12?
7
-336 (base 8) to base 4
-3132
1 (base 7) to base 16
1
What is -56 (base 12) in base 6?
-150
Convert 311 (base 7) to base 16.
9b
What is -31 (base 15) in base 3?
-1201
Convert 1 (base 10) to base 5.
1
Convert -2 (base 4) to base 5.
-2
Convert -9 (base 13) to base 6.
-13
-7 (base 15) to base 11
-7
-4 (base 15) to base 8
-4
-26 (base 11) to base 13
-22
What is 24 (base 5) in base 7?
20
What is 112 (base 3) in base 7?
20
Convert -22 (base 11) to base 15.
-19
Convert 1 (base 5) to base 3.
1
Convert 5 (base 10) to base 15.
5
Convert 204 (base 5) to base 16.
36
What is 0 (base 4) in base 10?
0
Convert -3 (base 16) to base 8.
-3
-12 (base 6) to base 7
-11
What is 115 (base 6) in base 10?
47
-2 (base 7) to base 8
-2
What is 4 (base 5) in base 16?
4
Convert -6b (base 16) to base 12.
-8b
What is -34 (base 5) in base 8?
-23
What is -d (base 15) in base 10?
-13
1011 (base 3) to base 2
11111
What is -41 (base 7) in base 9?
-32
Convert -2 (base 5) to base 4.
-2
What is -1 (base 11) in base 15?
-1
Convert -210 (base 6) to base 12.
-66
1 (base 7) to base 13
1
Convert -11 (base 2) to base 7.
-3
Convert 27 (base 12) to base 2.
11111
Convert -11 (base 10) to base 2.
-1011
Convert -1 (base 8) to base 7.
-1
Convert -35 (base 9) to base 16.
-20
Convert -8 (base 12) to base 7.
-11
What is -84 (base 11) in base 6?
-232
Convert -52 (base 10) to base 3.
-1221
What is -135 (base 8) in base 11?
-85
Convert -200 (base 4) to base 2.
-100000
Convert 4 (base 11) to base 7.
4
Convert 235 (base 7) to base 13.
97
What is -288 (base 9) in base 6?
-1042
What is 62 (base 7) in base 4?
230
Convert -10c (base 15) to base 11.
-1a6
Convert -21 (base 11) to base 9.
-25
-3 (base 15) to base 8
-3
What is -2 (base 10) in base 2?
-10
What is 103 (base 6) in base 5?
124
Convert -d (base 16) to base 12.
-11
Convert 1 (base 3) to base 9.
1
What is -1 (base 2) in base 11?
-1
Convert 111 (base 4) to base 10.
21
-36 (base 10) to base 6
-100
What is 1010010 (base 2) in base 9?
101
What is 0 (base 16) in base 3?
0
What is 102 (base 4) in base 13?
15
Convert -1 (base 11) to base 14.
-1
What is 11 (base 10) in base 3?
102
What is -c8 (base 16) in base 8?
-310
11 (base 3) to base 4
10
What is -6 (base 12) in base 6?
-10
What is -2 (base 11) in base 12?
-2
Convert 1 (base 10) to base 12.
1
Convert -1 (base 14) to base 8.
-1
What is 1 (base 10) in base 3?
1
Convert -1 (base 11) to base 13.
-1
What is -1000101 (base 2) in base 13?
-54
-33 (base 12) to base 3
-1110
Convert 4 (base 16) to base 13.
4
2 (base 13) to base 10
2
What is -121 (base 5) in base 14?
-28
21 (base 10) to base 2
10101
Convert -2 (base 4) to base 9.
-2
1c (base 13) to base 6
41
What is 30 (base 5) in base 13?
12
10 (base 3) to base 2
11
0 (base 15) to base 10
0
Convert -40 (base 5) to base 6.
-32
What is 3 (base 6) in base 2?
11
Convert 4 (base 14) to base 16.
4
What is -2 (base 3) in base 14?
-2
Convert 100000 (base 2) to base 5.
112
What is -22 (base 10) in base 7?
-31
Convert -35 (base 13) to base 15.
-2e
203 (base 5) to base 8
65
208 (base 11) to base 15
11a
Convert 11 (base 3) to base 12.
4
35 (base 6) to base 11
21
32 (base 15) to base 6
115
Convert -3 (base 9) to base 11.
-3
What is -4 (base 7) in base 4?
-10
Convert -2 (base 6) to base 9.
-2
7 (base 11) to base 15
7
Convert 4 (base 9) to base 16.
4
What is -1 (base 5) in base 11?
-1
What is -170 (base 8) in base 13?
-93
What is 1 (base 13) in base 9?
1
What is 4 (base 6) in base 10?
4
What is -24 (base 11) in base 8?
-32
Convert 223 (base 4) to base 9.
47
Convert 151 (base 7) to base 14.
61
Convert 2 (base 4) to base 3.
2
Convert 1 (base 2) to base 9.
1
What is -120 (base 6) in base 16?
-30
-310 (base 6) to base 4
-1302
0 (base 7) to base 16
0
Convert -24 (base 12) to base 15.
-1d
Convert 1000 (base 2) to base 3.
22
-143 (base 12) to base 14
-dd
6 (base 16) to base 5
11
Convert 43 (base 7) to base 5.
111
Convert 60 (base 7) to base 10.
42
What is -21 (base 12) in base 2?
-11001
What is 0 (base 3) in base 12?
0
Convert -12111 (base 3) to base 10.
-148
Convert -6 (base 7) to base 10.
-6
Convert 1 (base 5) to base 6.
1
-85 (base 14) to base 4
-1311
81 (base 12) to base 11
89
What is -112 (base 3) in base 14?
-10
Convert 23 (base 10) to base 13.
1a
What is -101 (base 5) in base 3?
-222
Convert 2 (base 10) to base 6.
2
-100 (base 11) to base 14
-89
What is -3 (base 14) in base 4?
-3
What is 2 (base 10) in base 4?
2
What is 1311 (base 4) in base 11?
a7
-22 (base 3) to base 7
-11
Convert 1 (base 2) to base 13.
1
80 (base 11) to base 3
10021
Convert 7 (base 9) to base 8.
7
3 (base 9) to base 3
10
Convert -1 (base 15) to base 8.
-1
-1111010 (base 2) to base 8
-172
Convert 16 (base 14) to base 5.
40
Convert 0 (base 2) to base 10.
0
-2 (base 7) to base 10
-2
What is 146 (base 8) in base 7?
204
-5 (base 7) to base 3
-12
Convert -10 (base 2) to base 15.
-2
Convert -4c (base 15) to base 16.
-48
What is -22 (base 14) in base 4?
-132
What is 76 (base 12) in base 4?
1122
Convert 3 (base 15) to base 8.
3
123 (base 8) to base 14
5d
Convert -11 (base 16) to base 11.
-16
What is 152 (base 11) in base 9?
217
What is 2 (base 4) in base 13?
2
11 (base 5) to base 14
6
What is 1a (base 14) in base 8?
30
-11 (base 8) to base 9
-10
Convert 17 (base 8) to base 5.
30
Convert 6d (base 15) to base 2.
1100111
What is 9d (base 16) in base 10?
157
-10 (base 5) to base 13
-5
What is -23 (base 14) in base 9?
-34
Convert 53 (base 8) to base 9.
47
Convert 30 (base 11) to base 13.
27
What is 3 (base 12) in base 15?
3
Convert -3 (base 11) to base 4.
-3
50 (base 9) to base 3
1200
What is 2112 (base 3) in base 14?
4c
Convert 7 (base 14) to base 8.
7
What is -30 (base 4) in base 5?
-22
-142 (base 5) to base 8
-57
18 (base 15) to base 4
113
What is 10 (base 3) in base 8?
3
Convert 41 (base 11) to base 3.
1200
1 (base 4) to base 2
1
Convert -4 (base 9) to base 2.
-100
-165 (base 7) to base 6
-240
-221 (base 3) to base 4
-121
What is 36 (base 9) in base 5?
113
Convert 2 (base 6) to base 11.
2
Convert -112 (base 3) to base 2.
-1110
-3 (base 12) to base 8
-3
2 (base 13) to base 8
2
Convert -56 (base 10) to base 7.
-110
What is -37 (base 14) in base 8?
-61
10 (base 3) to base 13
3
21 (base 3) to base 10
7
-139 (base 12) to base 2
-10111101
22 (base 14) to base 6
50
Convert 84 (base 9) to base 12.
64
Convert -33 (base 6) to base 2.
-10101
What is 21 (base 13) in base 3?
1000
Convert -10 (base 16) to base 3.
-121
What is 10 (base 4) in base 3?
11
What is -11 (base 7) in base 13?
-8
What is -1351 (base 6) in base 15?
-18a
Convert 172 (base 14) to base 2.
100101000
What is 0 (base 13) in base 12?
0
Convert 267 (base 12) to base 13.
223
What is -2 (base 13) in base 9?
-2
-275 (base 9) to base 15
-105
What is 1 (base 16) in base 8?
1
Convert -5 (base 9) to base 6.
-5
Convert -10000 (base 2) to base 9.
-17
2 (base 8) to base 16
2
127 (base 8) to base 7
153
0 (base 14) to base 15
0
Convert -111 (base 4) to base 3.
-210
-14 (base 6) to base 5
-20
Convert 34 (base 13) to base 16.
